{"id":7,"date":"2019-09-24T19:24:30","date_gmt":"2019-09-24T22:24:30","guid":{"rendered":"http:\/\/vagario.com.br\/?page_id=7"},"modified":"2019-09-24T19:24:30","modified_gmt":"2019-09-24T22:24:30","slug":"politica-de-cookies","status":"publish","type":"page","link":"http:\/\/vagario.com.br\/index.php\/politica-de-cookies\/","title":{"rendered":"Politica de Cookies"},"content":{"rendered":"<p><strong>Como o Google usa informa\u00e7\u00f5es de sites ou apps que utilizam nossos servi\u00e7os<\/strong><\/p>\n<p>Muitos sites e apps usam servi\u00e7os do Google para melhorar o pr\u00f3prio conte\u00fado e mant\u00ea-lo gratuito. Quando integram nossos servi\u00e7os, esses sites e apps compartilham informa\u00e7\u00f5es com o Google.<\/p>\n<p>Por exemplo, quando voc\u00ea acessa um site que usa servi\u00e7os de publicidade, como o Google AdSense, incluindo ferramentas de an\u00e1lise, como o Google Analytics, ou um site com conte\u00fado de v\u00eddeo incorporado do YouTube, seu navegador da Web envia automaticamente certas informa\u00e7\u00f5es ao Google. Isso inclui o URL da p\u00e1gina que voc\u00ea est\u00e1 acessando e seu endere\u00e7o IP. Tamb\u00e9m podemos configurar cookies no seu navegador ou ler os cookies que j\u00e1 est\u00e3o l\u00e1. Os apps que usam servi\u00e7os de publicidade do Google tamb\u00e9m compartilham informa\u00e7\u00f5es com o Google, como o nome do app e um identificador exclusivo para publicidade.<\/p>\n<p>O Google usa as informa\u00e7\u00f5es compartilhadas por sites e apps para entregar nossos servi\u00e7os, mant\u00ea-los e melhor\u00e1-los, al\u00e9m de desenvolver novos servi\u00e7os, medir a efic\u00e1cia da publicidade, proteger contra fraude e abuso e personalizar o conte\u00fado e os an\u00fancios que voc\u00ea v\u00ea no Google e nos sites e apps de nossos parceiros. Consulte nossa Pol\u00edtica de Privacidade para saber mais sobre como processamos dados para cada uma dessas finalidades e nossa p\u00e1gina Publicidade para saber mais sobre os an\u00fancios do Google, a forma como suas informa\u00e7\u00f5es s\u00e3o usadas no contexto de publicidade e por quanto tempo o Google armazena essas informa\u00e7\u00f5es.<\/p>\n<p><strong>Personaliza\u00e7\u00e3o de an\u00fancios<\/strong><\/p>\n<p>Se a personaliza\u00e7\u00e3o de an\u00fancios estiver ativada, o Google usar\u00e1 suas informa\u00e7\u00f5es para tornar os an\u00fancios mais \u00fateis para voc\u00ea. Por exemplo, um site que vende mountain bikes pode usar os servi\u00e7os de an\u00fancios do Google. Depois de visitar esse site, voc\u00ea poder\u00e1 ver um an\u00fancio para mountain bikes em um site diferente que mostra an\u00fancios veiculados pelo Google.<\/p>\n<p>Se a personaliza\u00e7\u00e3o de an\u00fancios estiver desativada, o Google n\u00e3o coletar\u00e1 nem usar\u00e1 suas informa\u00e7\u00f5es para criar um perfil de an\u00fancios ou personalizar os an\u00fancios que mostramos para voc\u00ea. Voc\u00ea ainda ver\u00e1 an\u00fancios, mas talvez eles n\u00e3o sejam t\u00e3o \u00fateis. Os an\u00fancios ainda podem se basear no assunto do site ou app sendo visualizado, nos seus termos de pesquisa atuais ou na sua localiza\u00e7\u00e3o geral, mas n\u00e3o nos seus interesses, hist\u00f3rico de pesquisa ou hist\u00f3rico de navega\u00e7\u00e3o. Suas informa\u00e7\u00f5es ainda podem ser utilizadas para as outras finalidades mencionadas acima, como medi\u00e7\u00e3o da efic\u00e1cia da publicidade e prote\u00e7\u00e3o contra fraude e abuso.<\/p>\n<p>Ao interagir com um site ou app que usa servi\u00e7os do Google, talvez voc\u00ea precise confirmar se quer ver an\u00fancios personalizados de provedores de an\u00fancios, incluindo o Google. Independentemente da sua escolha, o Google n\u00e3o personalizar\u00e1 os an\u00fancios exibidos se a configura\u00e7\u00e3o de personaliza\u00e7\u00e3o de an\u00fancios estiver desativada ou se a conta n\u00e3o for qualificada para an\u00fancios personalizados.<\/p>\n<p>Voc\u00ea pode ver e controlar quais informa\u00e7\u00f5es usamos para exibir an\u00fancios visitando suas configura\u00e7\u00f5es de an\u00fancios.<\/p>\n<p><strong>Como voc\u00ea pode controlar as informa\u00e7\u00f5es coletadas pelo Google nesses sites e apps<\/strong><\/p>\n<p>Estas s\u00e3o algumas das maneiras de controlar as informa\u00e7\u00f5es compartilhadas por seu dispositivo quando voc\u00ea visita ou interage com sites e apps que usam servi\u00e7os do Google:<\/p>\n<p>As Configura\u00e7\u00f5es de an\u00fancios ajudam voc\u00ea a controlar os an\u00fancios exibidos nos servi\u00e7os do Google (como a Pesquisa Google ou o YouTube) ou em sites e apps de terceiros que usam os servi\u00e7os de an\u00fancios do Google. Voc\u00ea tamb\u00e9m pode aprender como os an\u00fancios s\u00e3o personalizados, desativar a personaliza\u00e7\u00e3o de an\u00fancios e bloquear anunciantes espec\u00edficos.<br \/>\nSe voc\u00ea fez login na sua Conta do Google, e dependendo das configura\u00e7\u00f5es da conta, a p\u00e1gina Minha atividade permite que voc\u00ea revise e controle os dados criados quando voc\u00ea usa os servi\u00e7os do Google, incluindo as informa\u00e7\u00f5es que coletamos dos sites e apps visitados. \u00c9 poss\u00edvel procurar por data e t\u00f3pico e excluir todas as atividades ou parte delas.<br \/>\nMuitos sites e apps usam o Google Analytics para entender como os visitantes interagem com os respectivos sites ou apps. Se voc\u00ea n\u00e3o quiser que o Analytics seja usado no seu navegador, instale o complemento do Google Analytics nesse navegador. Saiba mais sobre privacidade e o Google Analytics.<br \/>\nO modo de navega\u00e7\u00e3o an\u00f4nima no Chrome permite que voc\u00ea navegue na Web sem registrar p\u00e1ginas da Web e arquivos no hist\u00f3rico da conta ou do navegador (a menos que voc\u00ea opte por fazer login). Os cookies s\u00e3o exclu\u00eddos depois que voc\u00ea fecha todas as janelas e guias an\u00f4nimas, e seus favoritos e configura\u00e7\u00f5es ficam armazenados at\u00e9 que voc\u00ea os exclua. Saiba mais sobre os cookies.<br \/>\nMuitos navegadores, incluindo o Chrome, permitem que voc\u00ea bloqueie cookies de terceiros. Voc\u00ea tamb\u00e9m pode limpar todos os cookies existentes no seu navegador. Saiba mais sobre o gerenciamento de cookies no Chrome.<\/p>\n","protected":false},"excerpt":{"rendered":"<p>Como o Google usa informa\u00e7\u00f5es de sites ou apps que utilizam nossos servi\u00e7os Muitos sites e apps usam servi\u00e7os do<\/p>\n","protected":false},"author":1,"featured_media":0,"parent":0,"menu_order":0,"comment_status":"closed","ping_status":"closed","template":"","meta":{"_exactmetrics_skip_tracking":false,"_exactmetrics_sitenote_active":false,"_exactmetrics_sitenote_note":"","_exactmetrics_sitenote_category":0,"footnotes":""},"class_list":["post-7","page","type-page","status-publish","hentry"],"yoast_head":"<!-- This site is optimized with the Yoast SEO plugin v24.4 - https:\/\/yoast.com\/wordpress\/plugins\/seo\/ -->\n<title>Politica de Cookies - Vagario<\/title>\n<meta name=\"robots\" content=\"index, follow, max-snippet:-1, max-image-preview:large, max-video-preview:-1\" \/>\n<link rel=\"canonical\" href=\"https:\/\/vagario.com.br\/index.php\/politica-de-cookies\/\" \/>\n<meta property=\"og:locale\" content=\"pt_BR\" \/>\n<meta property=\"og:type\" content=\"article\" \/>\n<meta property=\"og:title\" content=\"Politica de Cookies - Vagario\" \/>\n<meta property=\"og:description\" content=\"Como o Google usa informa\u00e7\u00f5es de sites ou apps que utilizam nossos servi\u00e7os Muitos sites e apps usam servi\u00e7os do\" \/>\n<meta property=\"og:url\" content=\"https:\/\/vagario.com.br\/index.php\/politica-de-cookies\/\" \/>\n<meta property=\"og:site_name\" content=\"Vagario\" \/>\n<meta name=\"twitter:card\" content=\"summary_large_image\" \/>\n<meta name=\"twitter:label1\" content=\"Est. tempo de leitura\" \/>\n\t<meta name=\"twitter:data1\" content=\"4 minutos\" \/>\n<script type=\"application\/ld+json\" class=\"yoast-schema-graph\">{\"@context\":\"https:\/\/schema.org\",\"@graph\":[{\"@type\":\"WebPage\",\"@id\":\"https:\/\/vagario.com.br\/index.php\/politica-de-cookies\/\",\"url\":\"https:\/\/vagario.com.br\/index.php\/politica-de-cookies\/\",\"name\":\"Politica de Cookies - Vagario\",\"isPartOf\":{\"@id\":\"https:\/\/vagario.com.br\/#website\"},\"datePublished\":\"2019-09-24T22:24:30+00:00\",\"breadcrumb\":{\"@id\":\"https:\/\/vagario.com.br\/index.php\/politica-de-cookies\/#breadcrumb\"},\"inLanguage\":\"pt-BR\",\"potentialAction\":[{\"@type\":\"ReadAction\",\"target\":[\"https:\/\/vagario.com.br\/index.php\/politica-de-cookies\/\"]}]},{\"@type\":\"BreadcrumbList\",\"@id\":\"https:\/\/vagario.com.br\/index.php\/politica-de-cookies\/#breadcrumb\",\"itemListElement\":[{\"@type\":\"ListItem\",\"position\":1,\"name\":\"In\u00edcio\",\"item\":\"https:\/\/vagario.com.br\/\"},{\"@type\":\"ListItem\",\"position\":2,\"name\":\"Politica de Cookies\"}]},{\"@type\":\"WebSite\",\"@id\":\"https:\/\/vagario.com.br\/#website\",\"url\":\"https:\/\/vagario.com.br\/\",\"name\":\"Vagario\",\"description\":\"Seu Melhor site de Empregos e Vagas\",\"publisher\":{\"@id\":\"https:\/\/vagario.com.br\/#\/schema\/person\/54813f918e46846eb68de55fc26439d6\"},\"potentialAction\":[{\"@type\":\"SearchAction\",\"target\":{\"@type\":\"EntryPoint\",\"urlTemplate\":\"https:\/\/vagario.com.br\/?s={search_term_string}\"},\"query-input\":{\"@type\":\"PropertyValueSpecification\",\"valueRequired\":true,\"valueName\":\"search_term_string\"}}],\"inLanguage\":\"pt-BR\"},{\"@type\":[\"Person\",\"Organization\"],\"@id\":\"https:\/\/vagario.com.br\/#\/schema\/person\/54813f918e46846eb68de55fc26439d6\",\"name\":\"vagario\",\"image\":{\"@type\":\"ImageObject\",\"inLanguage\":\"pt-BR\",\"@id\":\"https:\/\/vagario.com.br\/#\/schema\/person\/image\/\",\"url\":\"https:\/\/secure.gravatar.com\/avatar\/83c677ba6122e98ab37e1afa2508ddf0de0cec8e3065582b3e503ef328b5b67a?s=96&d=mm&r=g\",\"contentUrl\":\"https:\/\/secure.gravatar.com\/avatar\/83c677ba6122e98ab37e1afa2508ddf0de0cec8e3065582b3e503ef328b5b67a?s=96&d=mm&r=g\",\"caption\":\"vagario\"},\"logo\":{\"@id\":\"https:\/\/vagario.com.br\/#\/schema\/person\/image\/\"}}]}<\/script>\n<!-- \/ Yoast SEO plugin. -->","yoast_head_json":{"title":"Politica de Cookies - Vagario","robots":{"index":"index","follow":"follow","max-snippet":"max-snippet:-1","max-image-preview":"max-image-preview:large","max-video-preview":"max-video-preview:-1"},"canonical":"https:\/\/vagario.com.br\/index.php\/politica-de-cookies\/","og_locale":"pt_BR","og_type":"article","og_title":"Politica de Cookies - Vagario","og_description":"Como o Google usa informa\u00e7\u00f5es de sites ou apps que utilizam nossos servi\u00e7os Muitos sites e apps usam servi\u00e7os do","og_url":"https:\/\/vagario.com.br\/index.php\/politica-de-cookies\/","og_site_name":"Vagario","twitter_card":"summary_large_image","twitter_misc":{"Est. tempo de leitura":"4 minutos"},"schema":{"@context":"https:\/\/schema.org","@graph":[{"@type":"WebPage","@id":"https:\/\/vagario.com.br\/index.php\/politica-de-cookies\/","url":"https:\/\/vagario.com.br\/index.php\/politica-de-cookies\/","name":"Politica de Cookies - Vagario","isPartOf":{"@id":"https:\/\/vagario.com.br\/#website"},"datePublished":"2019-09-24T22:24:30+00:00","breadcrumb":{"@id":"https:\/\/vagario.com.br\/index.php\/politica-de-cookies\/#breadcrumb"},"inLanguage":"pt-BR","potentialAction":[{"@type":"ReadAction","target":["https:\/\/vagario.com.br\/index.php\/politica-de-cookies\/"]}]},{"@type":"BreadcrumbList","@id":"https:\/\/vagario.com.br\/index.php\/politica-de-cookies\/#breadcrumb","itemListElement":[{"@type":"ListItem","position":1,"name":"In\u00edcio","item":"https:\/\/vagario.com.br\/"},{"@type":"ListItem","position":2,"name":"Politica de Cookies"}]},{"@type":"WebSite","@id":"https:\/\/vagario.com.br\/#website","url":"https:\/\/vagario.com.br\/","name":"Vagario","description":"Seu Melhor site de Empregos e Vagas","publisher":{"@id":"https:\/\/vagario.com.br\/#\/schema\/person\/54813f918e46846eb68de55fc26439d6"},"potentialAction":[{"@type":"SearchAction","target":{"@type":"EntryPoint","urlTemplate":"https:\/\/vagario.com.br\/?s={search_term_string}"},"query-input":{"@type":"PropertyValueSpecification","valueRequired":true,"valueName":"search_term_string"}}],"inLanguage":"pt-BR"},{"@type":["Person","Organization"],"@id":"https:\/\/vagario.com.br\/#\/schema\/person\/54813f918e46846eb68de55fc26439d6","name":"vagario","image":{"@type":"ImageObject","inLanguage":"pt-BR","@id":"https:\/\/vagario.com.br\/#\/schema\/person\/image\/","url":"https:\/\/secure.gravatar.com\/avatar\/83c677ba6122e98ab37e1afa2508ddf0de0cec8e3065582b3e503ef328b5b67a?s=96&d=mm&r=g","contentUrl":"https:\/\/secure.gravatar.com\/avatar\/83c677ba6122e98ab37e1afa2508ddf0de0cec8e3065582b3e503ef328b5b67a?s=96&d=mm&r=g","caption":"vagario"},"logo":{"@id":"https:\/\/vagario.com.br\/#\/schema\/person\/image\/"}}]}},"_links":{"self":[{"href":"http:\/\/vagario.com.br\/index.php\/wp-json\/wp\/v2\/pages\/7","targetHints":{"allow":["GET"]}}],"collection":[{"href":"http:\/\/vagario.com.br\/index.php\/wp-json\/wp\/v2\/pages"}],"about":[{"href":"http:\/\/vagario.com.br\/index.php\/wp-json\/wp\/v2\/types\/page"}],"author":[{"embeddable":true,"href":"http:\/\/vagario.com.br\/index.php\/wp-json\/wp\/v2\/users\/1"}],"replies":[{"embeddable":true,"href":"http:\/\/vagario.com.br\/index.php\/wp-json\/wp\/v2\/comments?post=7"}],"version-history":[{"count":1,"href":"http:\/\/vagario.com.br\/index.php\/wp-json\/wp\/v2\/pages\/7\/revisions"}],"predecessor-version":[{"id":8,"href":"http:\/\/vagario.com.br\/index.php\/wp-json\/wp\/v2\/pages\/7\/revisions\/8"}],"wp:attachment":[{"href":"http:\/\/vagario.com.br\/index.php\/wp-json\/wp\/v2\/media?parent=7"}],"curies":[{"name":"wp","href":"https:\/\/api.w.org\/{rel}","templated":true}]}}